{"id":353,"date":"2012-11-24T12:26:23","date_gmt":"2012-11-24T11:26:23","guid":{"rendered":"http:\/\/reformisti.org.rs\/?page_id=353"},"modified":"2012-11-24T15:00:13","modified_gmt":"2012-11-24T14:00:13","slug":"secenj","status":"publish","type":"page","link":"https:\/\/reformisti.org.rs\/?page_id=353","title":{"rendered":"Se\u010denj"},"content":{"rendered":"<p><strong>Mesni Odbori Se\u010denj<\/strong><\/p>\n<p>Sutjeska<br \/>\nJarkovac<br \/>\nBanatska Dubica<br \/>\nKonak<br \/>\nBok<br \/>\n\u0160urjan<br \/>\nJa\u0161a Tomi\u0107<br \/>\nKraji\u0161nik<\/p>\n","protected":false},"excerpt":{"rendered":"<p>Mesni Odbori Se\u010denj Sutjeska Jarkovac Banatska Dubica Konak Bok \u0160urjan Ja\u0161a Tomi\u0107 Kraji\u0161nik<\/p>\n","protected":false},"author":1,"featured_media":0,"parent":0,"menu_order":0,"comment_status":"open","ping_status":"open","template":"","meta":{"footnotes":""},"_links":{"self":[{"href":"https:\/\/reformisti.org.rs\/index.php?rest_route=\/wp\/v2\/pages\/353"}],"collection":[{"href":"https:\/\/reformisti.org.rs\/index.php?rest_route=\/wp\/v2\/pages"}],"about":[{"href":"https:\/\/reformisti.org.rs\/index.php?rest_route=\/wp\/v2\/types\/page"}],"author":[{"embeddable":true,"href":"https:\/\/reformisti.org.rs\/index.php?rest_route=\/wp\/v2\/users\/1"}],"replies":[{"embeddable":true,"href":"https:\/\/reformisti.org.rs\/index.php?rest_route=%2Fwp%2Fv2%2Fcomments&post=353"}],"version-history":[{"count":2,"href":"https:\/\/reformisti.org.rs\/index.php?rest_route=\/wp\/v2\/pages\/353\/revisions"}],"predecessor-version":[{"id":778,"href":"https:\/\/reformisti.org.rs\/index.php?rest_route=\/wp\/v2\/pages\/353\/revisions\/778"}],"wp:attachment":[{"href":"https:\/\/reformisti.org.rs\/index.php?rest_route=%2Fwp%2Fv2%2Fmedia&parent=353"}],"curies":[{"name":"wp","href":"https:\/\/api.w.org\/{rel}","templated":true}]}}