{"id":218,"date":"2012-11-21T14:30:09","date_gmt":"2012-11-21T13:30:09","guid":{"rendered":"http:\/\/reformisti.org.rs\/?page_id=218"},"modified":"2013-12-10T18:55:59","modified_gmt":"2013-12-10T17:55:59","slug":"koordinatori","status":"publish","type":"page","link":"https:\/\/reformisti.org.rs\/?page_id=218","title":{"rendered":"Koordinatori"},"content":{"rendered":"<p><strong>Zoran Kalini\u0107<\/strong> <em>Koordinator za Ju\u017enoba\u010dki okrug<\/em><\/p>\n","protected":false},"excerpt":{"rendered":"<p>Zoran Kalini\u0107 Koordinator za Ju\u017enoba\u010dki okrug<\/p>\n","protected":false},"author":1,"featured_media":0,"parent":0,"menu_order":0,"comment_status":"open","ping_status":"open","template":"","meta":{"footnotes":""},"_links":{"self":[{"href":"https:\/\/reformisti.org.rs\/index.php?rest_route=\/wp\/v2\/pages\/218"}],"collection":[{"href":"https:\/\/reformisti.org.rs\/index.php?rest_route=\/wp\/v2\/pages"}],"about":[{"href":"https:\/\/reformisti.org.rs\/index.php?rest_route=\/wp\/v2\/types\/page"}],"author":[{"embeddable":true,"href":"https:\/\/reformisti.org.rs\/index.php?rest_route=\/wp\/v2\/users\/1"}],"replies":[{"embeddable":true,"href":"https:\/\/reformisti.org.rs\/index.php?rest_route=%2Fwp%2Fv2%2Fcomments&post=218"}],"version-history":[{"count":5,"href":"https:\/\/reformisti.org.rs\/index.php?rest_route=\/wp\/v2\/pages\/218\/revisions"}],"predecessor-version":[{"id":1331,"href":"https:\/\/reformisti.org.rs\/index.php?rest_route=\/wp\/v2\/pages\/218\/revisions\/1331"}],"wp:attachment":[{"href":"https:\/\/reformisti.org.rs\/index.php?rest_route=%2Fwp%2Fv2%2Fmedia&parent=218"}],"curies":[{"name":"wp","href":"https:\/\/api.w.org\/{rel}","templated":true}]}}